(-2 - (y + 4 + -1))?
0
Let m(y) = 15*y - 82. Let f(p) = -30*p + 163. Let n(w) = -3*f(w) - 5*m(w). What is the remainder when 16 is divided by n(6)?
5
Let m be 0*(-6)/(-4)*7/21. Let k be 0 + (m/1 - 2). Let y = k + 26. What is the remainder when 118 is divided by y?
22
Suppose -u + 4*q + 617 = 7*q, -5*q = 0. What is the remainder when u is divided by 121?
12
Let x(c) = -14*c + 1. Suppose 5*p + 5*n = -40, -5*p + 3*n - 2*n - 10 = 0. Let h(m) = -9*m + 17. Calculate the remainder when h(p) is divided by x(-1).
14
Suppose 17*g - 2019 + 1815 = 0. Calculate the remainder when 133 is divided by g.
1
Suppose 26305 = -3*l + 4*z, 5*l = z + 3099 - 46969. What is the remainder when 302 is divided by (4/(-5))/(18/l*5)?
68
Suppose -169*n + 3171 + 1620 = -448. What is the remainder when 940 is divided by n?
10
Suppose 0 = -5*b - 4*z + 859, -3*z - 94 - 758 = -5*b. Suppose -3*p = 2*s - 100, 4*p - s = -p + b. Calculate the remainder when 119/p*(-40)/(-7) is divided by 6.
2
Suppose 539 = 6*f - 355. Let t = f - 133. Suppose -9 = -4*b + b. What is the remainder when t is divided by b?
1
Suppose 0 = w + 26 + 23. Suppose 75 = -j + 5*v + 1, 5*j = -5*v - 370. Let c = w - j. Calculate the remainder when 123 is divided by c.
23
Suppose 22*v + 378 = -18. What is the remainder when 51 is divided by (-4)/10*-140*(-9)/v?
23
Let k = 6885 + -6854. What is the remainder when 1194 is divided by k?
16
Suppose -16 + 6 = -5*g. Suppose 147 = g*k + k. Let v(n) = -6*n**2 - 191*n + 57. What is the remainder when k is divided by v(-32)?
24
Let o = 8677 - 8622. What is the remainder when 17874 is divided by o?
54
Let z(i) = i**3 - 28*i**2 + 19. What is the remainder when z(28) is divided by 2/(-10) - (-3 - 96/30)?
1
Suppose 3*c = -s - 1191, -5*s - 241 = 3*c + 962. Let l = c - -203. Calculate the remainder when 4/10 + l/(-5) is divided by 14.
11
Suppose 33*u - 29*u = 5*j - 2325, -3*j - 2*u = -1417. What is the remainder when j is divided by 150?
19
Suppose 0 = -95*h + 99*h + m - 475, -5*m = -h + 145. What is the remainder when h is divided by 72?
48
Let x(o) = o**3 - 6*o**2 + 5*o + 4. Suppose w + 9 = 5*l - 1, w = l + 6. Suppose -16*t - w*t + 390 = 0. Calculate the remainder when x(7) is divided by t.
13
Suppose -6*n - 28 + 148 = 0. Suppose 0 = 5*m + n - 220. Let p = -159 - -173. Calculate the remainder when m is divided by p.
12
Let i = 24 + 38. Let y = 62 - i. Suppose -4*u = -16, y*q + 4*u + 68 = 2*q. Calculate the remainder when q is divided by 4.
2
Let f(h) = -h**2 + 15*h + 30. Let n be f(17). Let a be (-332)/(-36) - n/(-18). Let q(t) = 10*t - 39. What is the remainder when 150 is divided by q(a)?
48
Suppose 4*x = 5*c + 153 + 113, -2*c = -4*x + 236. Let j be (-2)/((-6)/(-3)) - -15. Suppose -t + 14 = -j. Calculate the remainder when x is divided by t.
26
Let f = 34 + -152. Let y = f + 368. Calculate the remainder when y is divided by 42.
40
Suppose b - 2*b = -1946. Let k be b/10 + 4/10. Suppose -k = a - 6*a. Calculate the remainder when a is divided by 7.
4
What is the remainder when 36*(-18)/((-288)/488) is divided by 11?
9
What is the remainder when 794 is divided by -7 - (-214 - (1/3)/(2/(-12)))?
179
Suppose 3*i = 12, m + m - 44 = -5*i. Let k = -115 + 354. Suppose -3*z + 145 = -2*g, -3*z + 8*z - k = 2*g. Calculate the remainder when z is divided by m.
11
Suppose 6*y = f + y - 253, -3*y = 4*f - 1058. Let o = 371 - f. Suppose -2*c + 53 = -3*b, -3*b = 4*c - o - 25. What is the remainder when 89 is divided by c?
27
Let m(d) = -6*d. Let x be (54/(-12) + 2)*(-4 - -2). Suppose -4*h = -k - 44 + 8, -x*k = 4*h - 12. Calculate the remainder when m(-6) is divided by h.
4
Let r(f) = 2*f**2 - f + 8. Suppose 312*t - 26010 = -23*t + 80*t. What is the remainder when r(10) is divided by t?
96
Let f = -502 + 808. Suppose 6*n = 306 + f. Let y = n - 68. What is the remainder when y is divided by 9?
7
Let n = 152 - -123. Suppose -j - 60 - n = -2*o, -o + 169 = -j. Suppose o + 830 = 6*b. What is the remainder when b is divided by 21?
19
Let g = -39892 - -39930. What is the remainder when 640 is divided by g?
32
Suppose 14*v = 21*v. Suppose -4*i - 2*w + 770 = v, -2*w - 594 = -3*i + 2*w. Calculate the remainder when i is divided by 61.
11
Let c be (-12)/(-3) + 0 + -4 + 2. Suppose 0 = -s - c*x + 27, -9*s = -4*s - 3*x - 96. Calculate the remainder when s is divided by 11.
10
Let j = 55 + -34. What is the remainder when 29 - 0/(4/4 - 3) is divided by j?
8
Calculate the remainder when 460 is divided by (21 + 2925/(-50))*4/(-3).
10
Let m(i) = 3*i**3 - 33*i**2 + 34*i - 70. Let u(g) = g**3 - g**2 + g - 1. Let t(v) = -m(v) + 2*u(v). Calculate the remainder when t(30) is divided by 5.
3
Suppose -1625 = -30*c + 2069 + 10976. What is the remainder when c is divided by 23?
6
Suppose 3542 = -436*o + 459*o. Calculate the remainder when 762 is divided by o.
146
Let o be ((-33)/(-6))/((-2)/(-4)). Suppose -2*a + 5*y + 39 + 37 = 0, 0 = 2*a + 2*y - 48. Suppose o + a = 3*x. Calculate the remainder when x is divided by 5.
3
Suppose 7*t - 3*t + x - 209 = 0, -5*x + 109 = 2*t. Suppose 30*p - 39*p = -243. What is the remainder when t is divided by p?
25
Let w = -113 + 101. Calculate the remainder when 15*(-2)/w*2 - -190 is divided by 22.
19
Calculate the remainder when (-2)/(-18) - ((-3178955)/630 - (-27)/378) is divided by 51.
48
Suppose -f + 6*f - 4*v = 4758, 4782 = 5*f + 4*v. Calculate the remainder when f is divided by 237.
6
What is the remainder when 6333 is divided by -1 - -30 - -3 - (55 - 55)?
29
Suppose -2*l + 20 = -0. Suppose -715 = -l*i - i. Calculate the remainder when i is divided by 22.
21
Let w = -668 - -700. What is the remainder when 7933 is divided by w?
29
Let t(d) = -26*d**3 - 2*d. Let a be t(-2). Calculate the remainder when (-312)/(-208)*a/6 is divided by 19.
15
Let d = -975 - -1662. Suppose 2*o = -5*m + 222, 141*o = 3*m + 140*o - 142. What is the remainder when d is divided by m?
43
Let k(p) = 26*p**2 + 1. Let m = 247 + -164. Let g = m + -67. What is the remainder when k(-1) is divided by g?
11
Let i(f) = 124*f - 74. Let v be i(3). Let g = v - 261. Calculate the remainder when g is divided by 4.
1
Let z = 379 + -376. Suppose 0 = -5*g - 4*w + 153, 0 = z*g - g + 5*w - 51. Calculate the remainder when 163 is divided by g.
31
Suppose 35*v - 3 = 34*v. Suppose 0 = 4*t - s - 295, v*t + 5*s - 155 - 95 = 0. What is the remainder when 15 is divided by (-48)/(-5) - (-30)/t?
5
Let m(f) = 29 - 5 + 13*f + 71. What is the remainder when m(-2) is divided by (12/9 + 0)*9?
9
Suppose 37*n - 3697 = -15*n + 5715. Calculate the remainder when 374 is divided by n.
12
Let s(b) = 2*b - 1. Let w be s(3). Suppose -q + 7 + 10 = -3*y, 75 = 5*q - w*y. Calculate the remainder when (((-528)/(-32))/(-33))/(2/(-212)) is divided by q.
11
Suppose -2058 = -14*z - 28*z. Suppose -3*j + 4*j = -q + 33, -5*q + 3*j = -125. What is the remainder when z is divided by q?
21
Let p(j) = 3*j**2 + 62*j - 169. Calculate the remainder when p(-32) is divided by 71.
67
Let p = 23008 + -18521. What is the remainder when 4488 is divided by p?
1
Suppose 0 = -4*w + l - 220, 4*l = -1 + 17. Let s = w + 73. Let z = 38 - 28. What is the remainder when s is divided by z?
9
Suppose -5*k - 3*i - 33 = -95, k - 2*i = 15. Suppose -k*s + 17*s - 4*r = 380, 3*r = -5*s + 491. What is the remainder when s is divided by 7?
6
Let y = -35 - -229. Let r = y - 178. Calculate the remainder when 56 is divided by r.
8
Let b(z) = 2*z**3 + 8*z**2 - 9*z + 1. Let m be b(-7). Let h = -215 - m. Calculate the remainder when 70 is divided by h.
10
Let y(u) = u**3 - 4*u**2 + 4*u + 11. Suppose 92 = 5*o - z, -o + 16 = -20*z + 19*z. Calculate the remainder when y(5) is divided by o.
18
Let s(o) = 3*o**3. Let w be s(1). Suppose 0 = -5*j - 4*f + 142, -61 = -w*j + j - 3*f. What is the remainder when 81 is divided by j?
3
Let g = -411 + 416. Calculate the remainder when ((-150)/5)/(-1) + (-2)/(-2) is divided by g.
1
Suppose -3*k + 5*x + 83 = 0, -3*x + 123 = 6*k - 3*k. Let i = -6416 - -6558. Calculate the remainder when i is divided by k.
34
Suppose -8*w + 1467 + 157 = 0. Suppose -w - 187 = -10*g. Calculate the remainder when g is divided by 14.
11
Let o(b) = b**3 + 5*b**2 - 4*b + 2. Suppose -4*t + 55 = 4*u - 261, 2*u - 256 = 5*t. What is the remainder when u is divided by o(-5)?
5
Let d be (-2 + -1)/(15